 - (3 + 0 - -7 - 16)?
-14
What is -16 + (-6 - -1) + 0 + 8?
-13
What is the value of -5 + 2 + 0 + 19 + -13 + 12?
15
-3 + (3 + 2 - 10)
-8
3 + -7 - -6 - -6 - 5
3
What is (0 - 4) + (26 - 21) + (16 - 42)?
-25
What is the value of -35 + (10 - (-14 + 25)) + 15?
-21
Evaluate 5 + -13 + (10 - 11) + 7 - -2.
0
Calculate -21 + -11 + 41 + (-4 - (-1 - -3)).
3
Calculate -9 + 17 + -5 + 3 + 11.
17
15 - (2 + 3) - (23 + 20)
-33
What is the value of -29 + 54 + 0 + -13?
12
What is the value of -2 + 0 - (-13 + 21)?
-10
Calculate -10 + (2 + -5 + 22 - -10) + -2.
17
What is -13 - (-6 - -4) - -20?
9
What is 6 + (-10 - (1 - -2)) + 1 + 1?
-5
What is the value of -19 + (13 - 10) + 0 + (2 - 5)?
-19
What is the value of 4 + (-2 + 0 - 5 - (6 + -6))?
-3
-15 + (-9 + 6 - -25)
7
Calculate -28 + 33 + (-20 - -5).
-10
What is (-2 - (-9 + 3)) + (1 - 11)?
-6
-1 - -7 - (0 - 0 - (22 + -20))
8
What is the value of -5 + (4 - -3) + -12 + 3?
-7
What is 18 - (-6 + -2 + 1 - -10)?
15
Evaluate -3 + (14 - 6) + -2 - (-4 + 0).
7
Calculate 7 + -5 + 2 + (-4 - -1) + 3.
4
Evaluate -11 + (4 + 1 + 5 - 7).
-8
39 + (-37 - -25) - 12
15
Evaluate 2 - 1 - (18 - (1 + 11)).
-5
What is (-10 - -60) + -36 - (-1 + 2)?
13
-2 - ((-4 - (1 + -4 + 15)) + 0)
14
Evaluate -22 + 12 + 2 + 2 + 5.
-1
Evaluate -3 + 18 - (45 - 37).
7
Calculate (-4 - (-4 - -1)) + 32 + -22.
9
What is (25 - 34) + -62 + 41?
-30
-10 - (23 + (-11 - 3))
-19
Evaluate -10 - (-52 + 21 - -10 - 5).
16
-15 + (28 - 5) + 6
14
What is 1 - 0 - (24 + (-14 - -1))?
-10
Evaluate 1 + -3 + (-1 - (-8 + 10 + -7)).
2
What is 0 + -8 + (-121 - -121) + 8?
0
What is -9 + -4 - (-24 - -4)?
7
-63 + 46 + 6 + -4 + 9
-6
Evaluate (-9 - (5 + 11 + -3)) + -4.
-26
What is the value of -4 - ((0 - 18) + -1 + (15 - 12))?
12
What is -5 - (2 - (58 + -60 + 0 + -12))?
-21
What is (-1 - -29) + -5 - -2?
25
What is the value of -1 + -9 - (8 + 1 + 3 + -5)?
-17
What is the value of 11 - (1 + -18 - -23) - 3?
2
246 + -251 + -20 + 1
-24
What is the value of 20 + (-19 - 3) - (14 + 1 + 1)?
-18
Calculate -4 + (9 - (19 - 2 - 2)).
-10
Calculate -9 + 2 - (27 + -10 + -8 - 45).
29
What is the value of 15 - 23 - (1 + -3 - -10)?
-16
What is -16 - -29 - (-45 - -47)?
11
What is -11 - (-1 + (-5 - 9) + 1)?
3
What is 19 + -1 + -709 + 704?
13
8 - (20 + 0 + -28)
16
Calculate -20 - (-2 - (6 - 4)).
-16
-21 - (11 + (-14 - 29))
11
What is -27 - (20 + -13 + -13)?
-21
Calculate -7 + (39 + (5 - -13) - 17).
33
Calculate -1 - ((7 - (-2 + 4)) + 5 + 0).
-11
What is 3 + 16 + (4 - (13 + (5 - 8)))?
13
Calculate (31 - 33) + (-4 - 8).
-14
What is -23 - -11 - (-2 + 8)?
-18
Calculate -4 + -10 + 17 + -6 + -10.
-13
Calculate -10 - (-3 - (15 + (2 - 13))).
-3
4 - (-8 + -14 + 28) - 3
-5
Evaluate -193 + 200 + (3 - 0 - -2).
12
Calculate 0 - (15 + (1 - (-2 + 12))).
-6
What is -26 + (17 - -4) + 25?
20
Evaluate 15 + 1 + 3 + -7.
12
Evaluate (-7 - -14 - (10 + -16)) + -10.
3
What is the value of (5 - 16) + -110 + 88?
-33
What is the value of 1814 + -1828 - (0 + 1)?
-15
Calculate (1 + 4 - (-24 - -23) - 7) + 16.
15
What is 8 + 8 + 13 + -26?
3
Calculate -279 - -262 - (-1 + -55) - (5 - -3).
31
Evaluate -5 + -15 + 0 + 42 + -18.
4
13 + -19 + 27 + -8
13
Calculate 12 - -1 - (-17 + (27 - 13) - -4).
12
What is 7 - (7 - ((31 - 4) + -10))?
17
Calculate (117 - 124) + 0 + -1.
-8
What is the value of 9 + -2 - ((22 - 27) + 2)?
10
Evaluate -23 - (-13 - (-13 - -9) - -3) - -4.
-13
Evaluate -1 - (-2 + -25 + 36).
-10
What is (11 - (14 + 11) - -3) + (35 - 1)?
23
What is -24 + -30 + 37 + (2 - -12)?
-3
What is the value of -2 - -1 - (108 + -117)?
8
What is the value of 2 - ((4 - 9) + 9 - -3)?
-5
3 - -1 - 1 - (21 + -12) - 0
-6
(-17 - (0 - 16)) + -23
-24
Evaluate (3 - (5 + -1)) + -17 + 6 + 4.
-8
Calculate (0 - -8) + -11 + -20 + 6 + 17.
0
-11 - (1 - 14 - -11)
-9
Calculate 19 + -1 - (-40 - -36 - (-10 + 1)).
13
Calculate (5 - (1 - -2)) + (12 + -3 - 19).
-8
What is the value of 12 - (2 + 4) - (-2 - -9)?
-1
What is the value of -10 + 15 + (10 - 19) + -16 + 0?
-20
Evaluate (-1 - (-1 + 3)) + (-5 - -6 - -40).
38
What is -23 + (1 - -6 - -8)?
-8
Calculate -3 + 1 + (45 - 54) + -31 + 12.
-30
What is 7 + -7 - 16 - -9?
-7
-33 - -35 - (2 - 3)
3
What is the value of (-2 - (-6 - 9)) + -5?
8
What is the value of 19 + -6 + -34 - -24?
3
What is the value of (-6 + 16 - 8) + -5 - -37?
34
Evaluate 16 + (11 + -21 + 0 - (-3 + 0)).
9
Evaluate (-9 - (10 - (-11 + 21))) + 8.
-1
Evaluate 8 + (-1 - 6) + -6.
-5
Calculate 4 - (0 + 6 - (-9 - -15) - -1).
3
What is the value of 11 + 10 + -19 + 14 + -5?
11
What is -5 + -3 + -1 - (-3 + (-4 - -10))?
-12
Evaluate (11 - 73) + -63 + 92.
-33
Calculate (-26 - -6) + (317 - 291).
6
What is 1 + (-4 - -2) + 1 + 8?
8
2 - (6 + 10 - (-2 + 6))
-10
-2 + -1 + (-22 - (-31 + 17))
-11
What is the value of 41 + -15 - 35 - 19?
-28
Calculate 82 - (105 + -19) - (26 + -1 - 0).
-29
9 + -14 + (-16 - -21) + -11
-11
Evaluate (18 + -2 - 3) + -16 + 25 + -16.
6
What is the value of 7 - -1 - 3 - 7 - -2?
0
What is -13 + -15 + 34 + (-2 - 18 - -2)?
-12
Evaluate (-30 + 2 - -16) + 53 - 10.
31
Evaluate 7 - (-7 + (-3 - -17)).
0
What is (-5 - 22) + 14 + 17 + -31?
-27
37 + -17 + 6 + -42
-16
What is -1 + -22 + -1917 + 1961?
21
What is 9 + (-24 - -13 - 11) + -4?
-17
Evaluate -7 - (-5 + 3 + -5 + 10 + -5).
-5
Evaluate -9 + -30 + -15 + (-4 - -18).
-40
Evaluate -11 - (-22 + 8 - (6 - 12)).
-3
What is the value of 24 + 36 + -54 - (9 - -1)?
-4
Calculate 40 - (-8 + 8 + 9 + 6).
25
What is the value of 2 + (-20 - 17) - -12?
-23
What is (-10 - -3) + (-1 - (-18 - 3))?
13
0 + (-22 - (-12 + -7))
-3
Calculate 32 + 11 - 27 - 18.
-2
Calculate 2 + -3 + (6 - (1 + 0)) - 25.
-21
Evaluate -4 - (-9 + (5 - (6 - -5)) + 5).
6
What is the value of -30 + 26 - (3 + (-2 - 3)) - -1?
-1
What is 8 + -14 + (35 - 39)?
-10
What is the value of (1 - 1) + -16 + 24?
8
Calculate 0 - ((-61 - -22) + 25).
14
What is the value of 7 - (25 - (22 + -9) - 11)?
6
What is the value of 36 - 22 - (-1 + 29)?
-14
What is -12 + (15 - (-8 - -17))?
-6
Evaluate (-11 - -15 - -4) + 1.
9
Calculate 8 + (6 - -7 - 16) + -14.
-9
What is -36 + (-25 - -28) + (7 - 1) - -7?
-20
Calculate -4 - (-7 + -4 + (-2 - -7)).
2
Evaluate 12 + (-16 - (7 + -8)) - 8.
-11
Calculate -9 + 2 - (16 - 1 - (-116 - -126)).
-12
Evaluate (7 - (6 - 0)) + -5.
-4
Calculate -37 - (12 + -19 - -19 - 26).
-23
Evaluate 300 + -307 + (1 - 10).
-16
20 - (1 + -14 + 15 + 11)
7
What is the value of 11 - (8 - (-2 + 9 + -12 + 7))?
5
Evaluate 18 + -5 + -2 + 17 + -23.
5
Calculate -85 - (-15 - 27) - -2.
-41
-33 - (18 - (109 + -22))
36
What is 40 + -17 + -10 - 14?
-1
(-13 - (10 - 18)) + 9
4
What is the value of (-33 - -49) + (0 + 1 - (7 - 0))?
10
What is the value of 0 - (0 + -1) - 5 - (-20 - -3)?
13
Evaluate -5 + (9 - -6 - (-9 + (11 - 2))).
10
Evaluate 6 + (-1 + -1 + 4 + -8 - -12).
12
What is the value of 10 - (3 - (-13 - 0))?
-6
6 + -51 + 28 + (1 - -4)
-12
Calculate 5 - 7 - (-2 + 18) - (1 - -4).
-23
What is the value of 5 - (23 - 15) - (1 - 1)?
-3
(-17 - (8 - 1)) + (-5 - -1) + 10
-18
What is the value of (0 - (3 - 5)) + (-36 - -34) + 4?
4
What is the value of (-8 - 9) + 12 - (10 - (-3 + 1))?
-17
What is the value of 12 + (-7 - -20) + -35?
-10
What is (-6 - (11 - 6 - 2)) + 0 + 32?
23
Evaluate (14 - (-3 - -20)) + 15.
12
Evaluate 26 + 1 + -7 - (9 - 3).
14
Calculate (14 - 15) + 0 + -11.
-12
Evaluate 300 - 287 - (30 - -2).
-19
-12 + 9 + (-3 - -2) + -1 + -6
-11
0 + 15 - (-109 + 112)
12
What is the value of 10 + -13 - 4 - -7?
0
Calculate -7 + (-15 - -10) + 4.
-8
Calculate 5 + -20 + 5 - (-14 + 13) - 0.
-9
What is the value of -4 + 2 + -1 + (-67 - -105) + -52?
-17
Calculate (0 - 0) + -51 + 54 + -1 - 9.
-7
15 - -1 - (14 - 36)
38
What is the value of 49 + -13 + -27 + -6?
3
What is 14 - 16 - -4 - (2 - 2) - 5?
-3
(5 - 7) + 9 + -11 + (4 - -1)
1
Calculate 19 + -2 - (247 + -232).
2
2 - -5 - -6 - (-5 + 4 - -5)
9
What is the value of (-8 + -2 - -2) + -8 + 48?
32
What is 35 - (-29 + (16 - -37))?
11
4 - (9 - (13 + 0 + -5 - 2))
1
Calculate (10 - (4 + -5 + 7)) + 5.
9
Calculate (-22 - (-5 + 4 + -2)) + 6 - 2.
-15
Evaluate (3 - 46) + (13 - 7) + 8.
-29
-17 - 0 - (62 + -71) - 12
-20
Calculate 18 - -5 - 32 - -9.
0
What is 6 - (2 + -5) - (59 - 61)?
11
Evaluate -2 + 49 - (-924 + 947).
24
17 + -20 + 18 + (-5 - 0) + 0
10
-1685 + 1678 - (27 - 2)
-32
(40 - 11) + -29 + 11
11
What is the value of (6 - 1) + 8 + -10 + -14?
-11
What is 42 + (8 -